{"id":49,"date":"2017-04-24T16:51:37","date_gmt":"2017-04-24T16:51:37","guid":{"rendered":"http:\/\/arxmusical-massague.com\/?page_id=49"},"modified":"2024-04-08T16:49:04","modified_gmt":"2024-04-08T16:49:04","slug":"partitures","status":"publish","type":"page","link":"http:\/\/arxmusical-massague.com\/massague\/?page_id=49","title":{"rendered":"Partitures"},"content":{"rendered":"<p><span style=\"font-size: 18pt;\">En fase pr\u00e8via de preparaci\u00f3<\/span><\/p>\n<table style=\"background-color: #e3d5d5;\">\n<tbody>\n<tr>\n<td style=\"width: 100%; text-align: center;\"><span style=\"color: #800080;\">Per problemes de finan\u00e7ament, se\u2019ns fa dif\u00edcil la publicaci\u00f3 de nous continguts amb el ritme que en principi hav\u00edem previst i desitjat. Malgrat tot, seguirem treballant<\/span><\/td>\n<\/tr>\n<\/tbody>\n<\/table>\n<p style=\"text-align: center;\">\n<div class=\"pdfprnt-buttons pdfprnt-buttons-page pdfprnt-bottom-right\"><a href=\"http:\/\/arxmusical-massague.com\/massague\/index.php?rest_route=%2Fwp%2Fv2%2Fpages%2F49&print=pdf\" class=\"pdfprnt-button pdfprnt-button-pdf\" target=\"_blank\" ><img decoding=\"async\" src=\"http:\/\/arxmusical-massague.com\/massague\/wp-content\/plugins\/pdf-print\/images\/pdf.png\" alt=\"image_pdf\" title=\"Download PDF\" \/><span class=\"pdfprnt-button-title pdfprnt-button-pdf-title\">Descarregar PDF<\/span><\/a><a href=\"http:\/\/arxmusical-massague.com\/massague\/index.php?rest_route=%2Fwp%2Fv2%2Fpages%2F49&print=print\" class=\"pdfprnt-button pdfprnt-button-print\" target=\"_blank\" ><\/a><\/div>","protected":false},"excerpt":{"rendered":"","protected":false},"author":1,"featured_media":149,"parent":0,"menu_order":0,"comment_status":"closed","ping_status":"closed","template":"","meta":{"footnotes":""},"class_list":["post-49","page","type-page","status-publish","has-post-thumbnail","hentry"],"_links":{"self":[{"href":"http:\/\/arxmusical-massague.com\/massague\/index.php?rest_route=\/wp\/v2\/pages\/49","targetHints":{"allow":["GET"]}}],"collection":[{"href":"http:\/\/arxmusical-massague.com\/massague\/index.php?rest_route=\/wp\/v2\/pages"}],"about":[{"href":"http:\/\/arxmusical-massague.com\/massague\/index.php?rest_route=\/wp\/v2\/types\/page"}],"author":[{"embeddable":true,"href":"http:\/\/arxmusical-massague.com\/massague\/index.php?rest_route=\/wp\/v2\/users\/1"}],"replies":[{"embeddable":true,"href":"http:\/\/arxmusical-massague.com\/massague\/index.php?rest_route=%2Fwp%2Fv2%2Fcomments&post=49"}],"version-history":[{"count":4,"href":"http:\/\/arxmusical-massague.com\/massague\/index.php?rest_route=\/wp\/v2\/pages\/49\/revisions"}],"predecessor-version":[{"id":8492,"href":"http:\/\/arxmusical-massague.com\/massague\/index.php?rest_route=\/wp\/v2\/pages\/49\/revisions\/8492"}],"wp:featuredmedia":[{"embeddable":true,"href":"http:\/\/arxmusical-massague.com\/massague\/index.php?rest_route=\/wp\/v2\/media\/149"}],"wp:attachment":[{"href":"http:\/\/arxmusical-massague.com\/massague\/index.php?rest_route=%2Fwp%2Fv2%2Fmedia&parent=49"}],"curies":[{"name":"wp","href":"https:\/\/api.w.org\/{rel}","templated":true}]}}